or of 1344921 and 7089?
51
What is the highest common factor of 25691909 and 106?
53
What is the highest common divisor of 733062 and 198?
66
Calculate the highest common factor of 148246 and 742.
14
Calculate the greatest common divisor of 42718 and 678665.
689
What is the highest common factor of 51587 and 1304694?
653
What is the greatest common factor of 259057728 and 657?
657
Calculate the greatest common divisor of 54 and 9655470.
54
What is the highest common factor of 156198 and 10614?
6
What is the greatest common factor of 12 and 196403358?
6
Calculate the highest common factor of 101441480 and 175.
35
Calculate the greatest common divisor of 59292 and 17652.
12
Calculate the greatest common divisor of 24518247 and 39.
39
What is the greatest common divisor of 22362455 and 73?
73
What is the greatest common divisor of 7498 and 1857112?
46
Calculate the highest common factor of 1825 and 2613473.
73
What is the highest common divisor of 2144 and 17535968?
32
What is the highest common factor of 22 and 1678002106?
22
Calculate the greatest common divisor of 688363 and 22217.
13
Calculate the highest common divisor of 1322895 and 452685.
4395
What is the greatest common factor of 269588 and 573710?
1114
What is the greatest common divisor of 12796 and 152824?
28
What is the highest common divisor of 13737444 and 43676?
244
What is the highest common factor of 273 and 1703834769?
273
Calculate the greatest common divisor of 10 and 570922.
2
Calculate the highest common factor of 2680 and 872894090.
670
Calculate the greatest common factor of 26001918 and 18126.
342
Calculate the greatest common factor of 971090 and 10165.
95
Calculate the greatest common divisor of 995 and 322071550.
995
What is the greatest common divisor of 21738339 and 319599?
5607
What is the highest common divisor of 79988025 and 585?
195
Calculate the highest common factor of 46683 and 13986.
189
What is the highest common divisor of 83730 and 7590?
30
Calculate the highest common factor of 32762130 and 215.
215
What is the highest common divisor of 12 and 6893742?
6
Calculate the greatest common divisor of 4487730 and 910.
130
What is the greatest common divisor of 3422 and 1034546?
58
Calculate the highest common divisor of 331254 and 3006.
18
Calculate the highest common divisor of 6608 and 17481184.
112
Calculate the greatest common divisor of 1298 and 291027.
11
Calculate the greatest common divisor of 27400 and 4521.
137
Calculate the greatest common divisor of 51339 and 6976.
109
What is the greatest common divisor of 10 and 28142190?
10
Calculate the greatest common factor of 54524108 and 7364.
1052
What is the highest common divisor of 189666040 and 7760?
3880
Calculate the highest common divisor of 43511936 and 352.
32
What is the greatest common factor of 185 and 3561582815?
185
Calculate the greatest common factor of 388404 and 432.
36
Calculate the greatest common divisor of 3698958 and 7859274.
8094
What is the greatest common divisor of 392132 and 704?
4
What is the greatest common factor of 15 and 203633595?
15
What is the greatest common factor of 1673 and 11372815?
239
Calculate the highest common divisor of 286306 and 9580447.
2701
Calculate the highest common factor of 11426 and 7746237.
197
Calculate the highest common factor of 221 and 16456492.
13
Calculate the greatest common divisor of 2774519 and 68.
17
Calculate the highest common factor of 98920180 and 100.
20
What is the highest common divisor of 1316 and 1032308?
188
Calculate the highest common factor of 206 and 22190114.
206
Calculate the greatest common factor of 748902 and 10752.
42
What is the highest common factor of 84141354 and 99?
33
Calculate the highest common factor of 1863 and 47219.
23
Calculate the highest common factor of 216 and 1162520.
8
What is the greatest common factor of 2849 and 3155915?
259
What is the highest common factor of 2307422 and 78?
26
Calculate the highest common factor of 3482895 and 27297.
1011
What is the highest common factor of 337386 and 137634?
1218
What is the highest common factor of 10100 and 224335?
5
Calculate the greatest common divisor of 15 and 2696151.
3
Calculate the highest common divisor of 515 and 7387366.
103
Calculate the greatest common divisor of 11578366 and 4450.
178
Calculate the highest common divisor of 2170 and 432622670.
310
Calculate the greatest common factor of 414 and 64454625.
207
What is the highest common factor of 66 and 9461364?
66
Calculate the highest common divisor of 3454 and 36460424.
3454
What is the highest common divisor of 6381835 and 43523?
71
Calculate the greatest common divisor of 2408 and 4505669.
301
What is the highest common factor of 4 and 330144578?
2
Calculate the highest common divisor of 6 and 170810286.
6
Calculate the highest common divisor of 2724 and 498940098.
1362
Calculate the greatest common factor of 114868 and 716.
4
What is the highest common divisor of 37 and 4361264?
37
Calculate the greatest common divisor of 318 and 191670578.
106
What is the highest common divisor of 7852669 and 314?
157
Calculate the greatest common divisor of 88 and 34432827.
11
What is the highest common factor of 13738976 and 3363?
1121
What is the highest common factor of 5043033732 and 10207?
10207
What is the greatest common factor of 2071617940 and 6998?
6998
Calculate the highest common divisor of 207966 and 50094.
1518
Calculate the highest common factor of 24552723 and 351.
39
Calculate the highest common factor of 3069367 and 4046.
119
What is the highest common factor of 2328500 and 1180?
20
What is the greatest common factor of 9943178 and 48923?
1687
Calculate the highest common factor of 2740632 and 840.
24
What is the greatest common divisor of 2902999 and 517?
11
Calculate the highest common factor of 4670312 and 232.
8
Calculate the highest common factor of 78 and 1743677806.
26
Calculate the highest common factor of 128 and 235154.
2
What is the highest common factor of 1480 and 14819129?
37
What is the greatest common divisor of 14 and 1902481?
7
Calculate the highest common divisor of 69908832 and 3168.
288
What is the highest common factor of 1700 and 183335650?
850
Calculate the highest common divisor of 1133 and 8642359.
11
What is the highest common divisor of 200622 and 95178?
174
What is the highest common divisor of 8 and 5632495?
1
Calculate the highest common factor of 14332 and 22941949.
3583
What is the highest common factor of 13104 and 97999083?
819
Calculate the greatest common factor of 89275146 and 12.
6
What is the highest common factor of 30925896 and 72?
24
What is the highest common divisor of 1200146560 and 128?
128
Calculate the greatest common divisor of 241233 and 58519.
421
Calculate the greatest common factor of 32792776 and 844.
844
What is the highest common factor of 18370224 and 186984?
3816
What is the greatest common factor of 6543 and 1305766881?
6543
Calculate the greatest common divisor of 10525 and 1090225.
25
What is the highest common divisor of 26325416 and 105392?
7528
Calculate the greatest common divisor of 2145160 and 1240.
40
Calculate the greatest common factor of 671 and 29222721.
671
Calculate the greatest common factor of 245205 and 605.
5
What is the highest common factor of 106193854 and 8528?
1066
Calculate the highest common divisor of 46 and 166994.
2
Calculate the highest common divisor of 1358948 and 15204.
724
Calculate the greatest common divisor of 376 and 33988567.
47
Calculate the highest common divisor of 182 and 7142798.
26
Calculate the highest common divisor of 450 and 17494050.
150
What is the highest common factor of 218 and 25946?
2
What is the highest common factor of 536 and 77380444?
268
What is the highest common divisor of 20 and 63800020?
20
Calculate the highest common factor of 108 and 55671066.
18
Calculate the highest common factor of 1113 and 53765373.
159
What is the greatest common divisor of 568026740 and 1490?
1490
Calculate the highest common divisor of 5589 and 159114.
69
What is the highest common factor of 342 and 36761067?
171
What is the highest common divisor of 4 and 47461?
1
What is the highest common divisor of 3774 and 679422?
102
What is the highest common factor of 191980 and 149943?
331
